ded by w(-2)?
5
Suppose -2*l + 5*l = 3. Suppose r + l = -4*n, 0*r + 4*n + 96 = 4*r. What is the remainder when r is divided by 7?
5
Let b(a) = -a + 2. Let k be b(-8). Let j be (-2)/2*(0 + 1). Let s = k + j. What is the remainder when 16 is divided by s?
7
Let y = -13 + 18. Suppose 3*r - 4*j = y*r - 100, -r = j - 45. Suppose -32 = -2*w - 4*m, -m + 3 = 2*m. What is the remainder when r is divided by w?
12
Suppose -p + 36 = j, 89 - 8 = 2*p - j. What is the remainder when p is divided by 14?
11
Let h(y) = -y + 81. Calculate the remainder when h(0) is divided by 28.
25
Let x = 1 - -12. What is the remainder when 24 is divided by x?
11
Let a(m) = -m**2 + 23*m + 4. What is the remainder when 55 is divided by a(23)?
3
Let n(g) = g**2 + 6*g + 6. Let t be n(-5). Suppose 6*k - 3*k = -2*i + 11, -4*i = 5*k - 27. What is the remainder when i is divided by -4 + t + (-3 - -13)?
6
Suppose -5*g = -u - 10, 5*g - 13 = -5*u + 57. What is the remainder when 19 is divided by u?
9
Let n(x) = 41*x**3 - 1. Let o be n(1). Suppose 14 - o = -2*k. Suppose -u + 20 = -a + 2*a, -u + 4 = 5*a. What is the remainder when u is divided by k?
11
Let y(a) = 82*a**2 - a. Let g be y(-1). Suppose 4*r - 9 = g. Calculate the remainder when r is divided by 6.
5
Suppose 3 = z + k, -5*z + 0*k + 55 = -5*k. Let d(o) = o**3 - 2*o - 4*o**2 - 3*o**2 + 4*o + 0 - 2. Calculate the remainder when 22 is divided by d(z).
10
Suppose -2*d = d - 33. Calculate the remainder when (4/(-6))/((-4)/114) is divided by d.
8
Let n(j) = j**2 + 3*j - 5. Let g be n(-4). Let w be (0/(-3) - 8)*g. Suppose -2*m + w = -m. What is the remainder when 14 is divided by m?
6
Let u = -5 - -2. Let l = -3 - -12. What is the remainder when (-2)/3 - 77/u is divided by l?
7
Suppose 5*o - 10 = -4*i, -2*o - 4 = -0*o. Suppose i = 3*l + 2*l. Let m = 2 + -1. What is the remainder when m is divided by l?
0
Let z(g) = -g**3 + 17*g**2 + 20*g - 31. Let u be z(18). Let o be (0 + 0)/(0 - -2). Suppose u*h - 119 - 236 = o. Calculate the remainder when h is divided by 18.
17
Suppose -31*s - 66 = -34*s. What is the remainder when 126 is divided by s?
16
Suppose 0 = -2*b, -3*j + 25 = -4*b + 4. Let t(i) = -i**3 + 4*i**2 + i. Let o be t(-3). Calculate the remainder when (o/(-14))/((-24)/112) is divided by j.
6
Let c(t) = t**3 + 10*t**2 + 7*t - 4. Calculate the remainder when 26 is divided by c(-9).
12
Suppose -3*z = -0 - 3. What is the remainder when 1 is divided by z?
0
Let w be 1 - 2 - (2 + -5). Suppose -h = -w*j - 17, -4*j = 13 + 7. What is the remainder when h is divided by 2?
1
Suppose 5*i - 5*l - 35 = 0, -3*i + 4*l + 11 = -l. Suppose -i = -0*g - g. Suppose v = 20 + 2. Calculate the remainder when v is divided by g.
10
Let j(f) = -f**3 + 3*f**2 + 2. Let w be j(3). Suppose w*x = -x + 120. What is the remainder when x is divided by 21?
19
Suppose 2*j - 60 = -2*o, -5*o - j + 152 = 18. Let w(z) = -z + 20. Calculate the remainder when o is divided by w(10).
6
Let y(x) = 20*x**3 - 2*x + 1. Let f be y(1). Suppose 2*c + 6 = 4*t, -4*c + 1 = -f. Let i = -5 - -19. Calculate the remainder when i is divided by t.
2
Let d = 54 - 34. Let s = 46 + -12. Calculate the remainder when s is divided by 2/(-5) - (-248)/d.
10
Let v = 39 + -7. What is the remainder when 76 is divided by v?
12
Let l(z) = 4*z + 10. Let o be l(12). Suppose -o = -5*h + 12. What is the remainder when h is divided by 5?
4
Let c be 33/5 + (-10)/(-25). Suppose -5*b = -33 - c. Suppose -6*z = -o - 2*z + 38, 4 = -z. What is the remainder when o is divided by b?
6
Let t be (5 - 37)/(-1*2). Let n = t + -10. Calculate the remainder when n is divided by 3.
0
Let n = -3 + 7. What is the remainder when n is divided by 15/3*(-2)/(-5)?
0
Suppose 23*b + 245 = 28*b. Calculate the remainder when b is divided by 25.
24
Let v(r) = 7*r - 1. Let w = 3 + -2. Calculate the remainder when 10 is divided by v(w).
4
Suppose -3*w - i + 12 = 0, -3*i = i - 12. Let s = 23 - w. What is the remainder when 58 is divided by s?
18
Let z = -9 - -62. What is the remainder when z is divided by 14?
11
Suppose 5*t = 7 + 8. Calculate the remainder when 6 is divided by t.
0
Suppose -63 = -t + 4*u, 5*t - 296 = t + 5*u. Calculate the remainder when t is divided by 20.
19
Suppose -4*z - z = -85. Suppose -4*f - 5 = -w, -4 - 1 = -f - w. Suppose 3*q + 0*q - 147 = f. Calculate the remainder when q is divided by z.
15
Suppose -4*b + 1 = 4*q + 5, 0 = 3*b - 5*q - 37. What is the remainder when 11 is divided by b?
3
Suppose 4*t + 3*w - 41 = 0, 0 = t - 5*w - 2 - 37. Calculate the remainder when 67 is divided by t.
11
Let i(r) be the third derivative of -r**4/12 + r**3/2 - r**2. Let x be i(6). What is the remainder when (x + 4)/((-1)/5) is divided by 13?
12
Suppose -l + 2*l - 2*w = 24, 0 = -3*l - 4*w + 22. Suppose -5*o = 5*a - 2*a - 93, l = o - 4*a. What is the remainder when o is divided by 10?
8
Let p(d) = -d - 12. Calculate the remainder when 10 is divided by p(-15).
1
Let r(y) be the third derivative of -y**2 + 1/24*y**4 + 0 + 0*y + 19/6*y**3. What is the remainder when r(0) is divided by 11?
8
Let u be (3/(-2))/((-15)/80). Suppose 4*n = u*n - 40. What is the remainder when n is divided by 6?
4
Let f(t) = -t**3 - 11*t**2 + 7*t + 3. What is the remainder when f(-12) is divided by 22?
19
Let r = -92 + 159. Let c = 39 + -25. What is the remainder when r is divided by c?
11
Suppose -m + v = 4*m - 79, 2*m - 28 = 4*v. What is the remainder when m is divided by 0/9 - (-8 + -1)?
7
Let l = 11 - 7. Suppose -3*q - 10 + l = 0. What is the remainder when 39 is divided by q/(-4) + (-38)/(-4)?
9
Let d(f) = -f**3 - 8*f**2 - 8*f - 3. Let l be -3 + ((-4)/1)/1. What is the remainder when 9 is divided by d(l)?
1
Let h = 55 + -46. Calculate the remainder when h is divided by (2 - 1)*(-2 + 7).
4
Let j = 18 - 4. Let u(d) = d**2 + 6*d - 6. Let r be u(-6). Let o(z) = 2*z**2 + 6*z + 4. Calculate the remainder when o(r) is divided by j.
12
Let h(y) be the third derivative of -y**6/120 - y**5/20 - y**4/12 - y**2. Let b be h(-2). What is the remainder when 16 is divided by (-4 + b)*(-3)/2?
4
Suppose -21*z + 17*z + 88 = 0. What is the remainder when (0 - -6)/((-1)/(-7)) is divided by z?
20
Suppose 2*x + 0 = -2*l + 42, -x + 3*l + 9 = 0. Calculate the remainder when x is divided by 7.
4
Suppose -n + 6*n = 60. Suppose -2*a = a - n. Calculate the remainder when 13 is divided by a.
1
Suppose 0*a - a = -18. What is the remainder when 52 is divided by a?
16
Suppose -6*i = 2*i - 16. Let n = 1 + -1. Let c = n + 4. What is the remainder when c is divided by i?
0
Suppose 1 - 3 = -l. Suppose 2*m - b + 6 = 2, 3*m + 8 = l*b. Suppose -t + 3*t - 86 = m. Calculate the remainder when t is divided by 15.
13
Let b be (1 + 1)/(2*1). Let u(m) = 6*m - 2*m - 1 + 31*m**2 - 3*m. What is the remainder when u(b) is divided by 8?
7
Let k = 12 + -10. Let b(m) = 8*m - 1. What is the remainder when 26 is divided by b(k)?
11
Let s be 1/(-3) - 76/(-12). Let h be ((-3)/(-9))/((-2)/s). Let l(r) = -13*r**3 + r**2 + r. Calculate the remainder when 24 is divided by l(h).
11
Let l = -18 + 26. Let w(b) be the second derivative of b**5/20 + b**4/2 + b**3/3 - b**2/2 - b. What is the remainder when w(-5) is divided by l?
6
Suppose -5*s = -4*v - 20, 4*s - 5 = -v + 32. Let z(r) = -r + 14. Let h be z(10). Suppose 3*j - 5 - h = 0. What is the remainder when s is divided by j?
2
Suppose -3 - 1 = -c. Let v(p) = -p**3 + 3*p**2 + 2. Let j be v(2). Let w = 1 + j. What is the remainder when w is divided by c?
3
Calculate the remainder when (37 - 12)*6/10 is divided by 3.
0
Let k(g) = -14*g**3 - 2*g**2 + 2. Calculate the remainder when 53 is divided by k(-1).
11
Suppose -954 - 56 = -10*o. What is the remainder when o is divided by 13?
10
Suppose 0 = -7*w + 97 + 36. Suppose -f - f + 112 = 0. What is the remainder when f is divided by w?
18
Let s(g) = -g**2 + 9*g + 6. Suppose -5*c = -4*t - 4*c + 28, t - 5*c + 12 = 0. Calculate the remainder when s(t) is divided by 5.
4
Let i(x) = -9*x - 6. Calculate the remainder when i(-13) is divided by 28.
27
Let w = -10 - -17. Suppose 80 = 4*o + 28. Calculate the remainder when o is divided by w.
6
Let v(l) = -l**3 + 7*l**2 + 3*l - 16. Calculate the remainder when 13 is divided by v(7).
3
Let y(h) = h**2 + 4*h - 7. Let f be y(-6). What is the remainder when 50*(-1 - f/(-2)) is divided